 the greatest common factor of 2283600 and 825.
825
What is the highest common factor of 22945 and 13?
13
What is the greatest common factor of 45 and 14295?
15
What is the highest common divisor of 4712 and 3100?
124
Calculate the highest common divisor of 1946378 and 98.
98
What is the greatest common factor of 216 and 861624?
216
Calculate the highest common factor of 4093235 and 615.
205
What is the greatest common factor of 6790 and 1610?
70
Calculate the highest common factor of 10953 and 567122.
1217
What is the greatest common divisor of 420 and 31815?
105
Calculate the highest common divisor of 60236 and 18.
2
What is the highest common divisor of 198018 and 1710?
342
Calculate the highest common divisor of 335300 and 49816.
1916
Calculate the greatest common factor of 144459 and 126.
63
Calculate the greatest common factor of 70998 and 12.
6
What is the highest common factor of 3876705 and 315?
315
Calculate the highest common divisor of 36 and 338400.
36
Calculate the highest common factor of 11 and 148357.
11
What is the greatest common factor of 645729 and 32592?
2037
Calculate the greatest common divisor of 2847 and 3723.
219
Calculate the greatest common factor of 54068 and 56.
28
Calculate the highest common divisor of 7080 and 18800.
40
Calculate the highest common divisor of 112322 and 1130.
226
Calculate the highest common divisor of 72632 and 112.
56
Calculate the greatest common factor of 1939 and 72851.
277
Calculate the greatest common divisor of 53159 and 34.
17
What is the highest common factor of 1001 and 32942?
91
What is the highest common divisor of 8787 and 435?
87
What is the greatest common factor of 257462 and 29?
29
Calculate the highest common factor of 2511992 and 8.
8
Calculate the highest common factor of 8 and 2198336.
8
Calculate the highest common divisor of 118112 and 32.
32
What is the highest common divisor of 574 and 301?
7
Calculate the greatest common divisor of 165 and 666660.
15
What is the greatest common factor of 29094 and 3120?
78
What is the highest common divisor of 574050 and 6708?
258
What is the highest common factor of 525 and 224427?
21
Calculate the greatest common divisor of 1138126 and 484.
242
Calculate the greatest common divisor of 8595 and 225.
45
Calculate the highest common factor of 249505 and 2085.
695
What is the highest common divisor of 55 and 324880?
5
What is the greatest common factor of 27 and 640467?
27
What is the greatest common factor of 297316 and 6692?
956
Calculate the greatest common factor of 2 and 70102.
2
Calculate the greatest common factor of 55615 and 245.
245
What is the highest common factor of 615700 and 2585?
235
Calculate the greatest common divisor of 7 and 8365.
7
What is the greatest common factor of 450336 and 672?
96
What is the highest common factor of 1302 and 227199?
651
What is the highest common divisor of 10 and 398410?
10
Calculate the highest common factor of 650 and 24778.
26
Calculate the greatest common divisor of 215 and 72455.
215
Calculate the highest common factor of 99 and 707787.
9
What is the highest common factor of 6007 and 1?
1
Calculate the greatest common factor of 85449 and 195.
39
What is the greatest common factor of 2025 and 18450?
225
Calculate the greatest common divisor of 32 and 82944.
32
What is the highest common factor of 2415 and 37275?
105
What is the greatest common divisor of 4030424 and 8?
8
Calculate the highest common divisor of 8 and 1070736.
8
Calculate the highest common factor of 6715196 and 916.
916
Calculate the highest common factor of 7451543 and 11.
11
Calculate the greatest common divisor of 5558 and 154.
14
Calculate the highest common divisor of 585 and 2667990.
195
What is the highest common factor of 493 and 348?
29
What is the highest common divisor of 306143 and 778?
389
What is the greatest common factor of 356147 and 11?
11
What is the highest common factor of 12 and 26036?
4
Calculate the greatest common factor of 611 and 325.
13
Calculate the highest common factor of 3423 and 10336319.
1141
What is the highest common factor of 5200 and 6020?
20
Calculate the highest common factor of 549162 and 36.
18
Calculate the highest common divisor of 60930 and 30.
30
Calculate the highest common divisor of 177 and 48911.
59
Calculate the highest common factor of 64 and 36584.
8
What is the highest common factor of 1223473 and 158?
79
Calculate the highest common divisor of 469448 and 7968.
664
Calculate the greatest common factor of 7908 and 8544.
12
Calculate the highest common divisor of 4023 and 8244.
9
Calculate the highest common factor of 146 and 1679.
73
Calculate the highest common factor of 37101 and 298.
149
Calculate the greatest common factor of 3066 and 30.
6
What is the highest common divisor of 1645 and 733435?
235
What is the highest common divisor of 4470 and 495?
15
Calculate the highest common factor of 10 and 10877470.
10
Calculate the greatest common factor of 32809 and 143444.
763
What is the highest common factor of 290699 and 149?
149
Calculate the highest common factor of 79459 and 181.
181
Calculate the highest common factor of 30 and 377235.
15
What is the highest common divisor of 29972 and 5588?
508
What is the greatest common divisor of 3653 and 76151?
281
What is the greatest common divisor of 711 and 830685?
237
What is the highest common factor of 18880 and 460?
20
What is the highest common factor of 315 and 4263?
21
What is the greatest common divisor of 62 and 104346?
62
Calculate the highest common divisor of 583443 and 14.
7
Calculate the highest common factor of 74 and 77.
1
Calculate the highest common divisor of 990225 and 81.
81
What is the greatest common factor of 1534650 and 787?
787
What is the highest common factor of 3249 and 1017?
9
What is the greatest common divisor of 4 and 21772?
4
Calculate the greatest common divisor of 2136 and 86775.
267
What is the greatest common divisor of 394 and 580953?
197
Calculate the greatest common factor of 1542 and 8738.
514
What is the highest common factor of 64478 and 206?
206
Calculate the highest common divisor of 546 and 1729.
91
Calculate the highest common divisor of 88 and 2072708.
44
What is the highest common factor of 477810 and 12?
6
Calculate the greatest common factor of 414832 and 176.
176
Calculate the greatest common factor of 2509 and 965.
193
Calculate the highest common divisor of 193660 and 1380.
460
Calculate the highest common factor of 8720 and 1970.
10
Calculate the greatest common factor of 108420 and 75.
15
What is the highest common divisor of 20 and 16712?
4
Calculate the highest common factor of 365054 and 698.
698
What is the greatest common divisor of 10125 and 800?
25
What is the greatest common factor of 617 and 3?
1
What is the highest common divisor of 4 and 3980888?
4
Calculate the highest common factor of 1734 and 177888.
102
Calculate the greatest common factor of 245 and 3997.
7
Calculate the greatest common divisor of 1 and 42959.
1
Calculate the highest common divisor of 10 and 1582310.
10
What is the greatest common divisor of 5457122 and 33?
11
Calculate the greatest common divisor of 541472 and 32.
32
Calculate the highest common factor of 2152 and 9848.
8
What is the highest common divisor of 592 and 1021496?
296
What is the highest common divisor of 607 and 5421117?
607
Calculate the highest common factor of 4526 and 4048507.
2263
What is the highest common divisor of 75492 and 2563?
233
What is the greatest common divisor of 38246 and 338?
26
What is the highest common divisor of 24 and 168908?
4
What is the highest common factor of 61068 and 28?
28
What is the greatest common factor of 860 and 1505?
215
What is the greatest common divisor of 2424312 and 18?
18
Calculate the highest common factor of 5887474 and 1462.
1462
What is the highest common divisor of 14942 and 93?
31
Calculate the greatest common divisor of 6809 and 396.
11
What is the highest common factor of 2938633 and 199?
199
What is the highest common factor of 1906443 and 917?
917
What is the highest common divisor of 27783 and 675?
27
Calculate the highest common divisor of 1237338 and 36.
18
Calculate the greatest common divisor of 1341248 and 7296.
1216
Calculate the highest common factor